{"id":108,"date":"2019-10-18T19:38:30","date_gmt":"2019-10-18T19:38:30","guid":{"rendered":"http:\/\/www.hitmaschin.at\/?page_id=108"},"modified":"2019-10-18T19:38:31","modified_gmt":"2019-10-18T19:38:31","slug":"impressum","status":"publish","type":"page","link":"https:\/\/www.hitmaschin.at\/?page_id=108","title":{"rendered":"Impressum"},"content":{"rendered":"\n<p class=\"wp-block-paragraph\">Inhaber der Website<\/p>\n\n\n\n<p class=\"wp-block-paragraph\">Markus Wirtl<br>Heinrich Rauscher Gasse 2<br>3851 Kautzen<br>kontakt@hitmaschin.at<\/p>\n\n\n\n<p class=\"wp-block-paragraph\"> Inhalt und Struktur dieser Website sind urheberrechtlich gesch\u00fctzt. Die Vervielf\u00e4ltigung von Informationen oder Daten, insbesondere die Verwendung von Texten, Textteilen oder Bildmaterial bedarf der vorherigen Zustimmung.  F\u00fcr die Richtigkeit, Vollst\u00e4ndigkeit und Aktualit\u00e4t der Inhalte k\u00f6nnen wir jedoch keine Gew\u00e4hr \u00fcbernehmen. F\u00fcr den Inhalt der Websites, auf die mittels Hyperlink verwiesen wird, ist der Inhaber der Website nicht verantwortlich.<\/p>\n\n\n\n<p class=\"wp-block-paragraph\">Erstellt von: Raphaela Weinstabl, Michael Grasl<\/p>\n","protected":false},"excerpt":{"rendered":"<p>Inhaber der Website Markus WirtlHeinrich Rauscher Gasse 23851 Kautzenkontakt@hitmaschin.at Inhalt und Struktur dieser Website sind urheberrechtlich gesch\u00fctzt. Die Vervielf\u00e4ltigung von Informationen oder Daten, insbesondere die Verwendung von Texten, Textteilen oder Bildmaterial bedarf der vorherigen Zustimmung. F\u00fcr die Richtigkeit, Vollst\u00e4ndigkeit und Aktualit\u00e4t der Inhalte k\u00f6nnen wir jedoch keine Gew\u00e4hr \u00fcbernehmen. F\u00fcr den Inhalt der Websites, auf [&hellip;]<\/p>\n","protected":false},"author":1,"featured_media":0,"parent":0,"menu_order":0,"comment_status":"closed","ping_status":"closed","template":"","meta":{"_crdt_document":"","ngg_post_thumbnail":0,"footnotes":""},"class_list":["post-108","page","type-page","status-publish","hentry"],"_links":{"self":[{"href":"https:\/\/www.hitmaschin.at\/index.php?rest_route=\/wp\/v2\/pages\/108","targetHints":{"allow":["GET"]}}],"collection":[{"href":"https:\/\/www.hitmaschin.at\/index.php?rest_route=\/wp\/v2\/pages"}],"about":[{"href":"https:\/\/www.hitmaschin.at\/index.php?rest_route=\/wp\/v2\/types\/page"}],"author":[{"embeddable":true,"href":"https:\/\/www.hitmaschin.at\/index.php?rest_route=\/wp\/v2\/users\/1"}],"replies":[{"embeddable":true,"href":"https:\/\/www.hitmaschin.at\/index.php?rest_route=%2Fwp%2Fv2%2Fcomments&post=108"}],"version-history":[{"count":1,"href":"https:\/\/www.hitmaschin.at\/index.php?rest_route=\/wp\/v2\/pages\/108\/revisions"}],"predecessor-version":[{"id":109,"href":"https:\/\/www.hitmaschin.at\/index.php?rest_route=\/wp\/v2\/pages\/108\/revisions\/109"}],"wp:attachment":[{"href":"https:\/\/www.hitmaschin.at\/index.php?rest_route=%2Fwp%2Fv2%2Fmedia&parent=108"}],"curies":[{"name":"wp","href":"https:\/\/api.w.org\/{rel}","templated":true}]}}