{"id":37,"date":"2019-10-15T18:19:21","date_gmt":"2019-10-15T18:19:21","guid":{"rendered":"http:\/\/www.hitmaschin.at\/?page_id=37"},"modified":"2022-11-07T13:14:35","modified_gmt":"2022-11-07T13:14:35","slug":"ueber-uns","status":"publish","type":"page","link":"https:\/\/www.hitmaschin.at\/?page_id=37","title":{"rendered":"\u00dcber uns"},"content":{"rendered":"<div class=\"vce-row-container\"><div class=\"vce-row vce-row--col-gap-30 vce-row-columns--top vce-row-content--top\" id=\"el-1d87b66c\" data-vce-do-apply=\"all el-1d87b66c\"><div class=\"vce-row-content\" data-vce-element-content=\"true\"><div class=\"vce-col vce-col--md-auto vce-col--xs-1 vce-col--xs-last vce-col--xs-first vce-col--sm-last vce-col--sm-first vce-col--md-last vce-col--lg-last vce-col--xl-last vce-col--md-first vce-col--lg-first vce-col--xl-first\" id=\"el-9927a5fa\"><div class=\"vce-col-inner\" data-vce-do-apply=\"border margin background  el-9927a5fa\"><div class=\"vce-col-content\" data-vce-element-content=\"true\" data-vce-do-apply=\"padding el-9927a5fa\"><div class=\"vce-text-block\"><div class=\"vce-text-block-wrapper vce\" id=\"el-e5265fb3\" data-vce-do-apply=\"all el-e5265fb3\">\n<p class=\"wp-block-paragraph\"><img loading=\"lazy\" decoding=\"async\" class=\"size-large wp-image-235 aligncenter\" src=\"https:\/\/www.hitmaschin.at\/wp-content\/uploads\/2019\/10\/uberuns-1024x188.png\" alt=\"\" width=\"812\" height=\"149\" srcset=\"https:\/\/www.hitmaschin.at\/wp-content\/uploads\/2019\/10\/uberuns-1024x188.png 1024w, https:\/\/www.hitmaschin.at\/wp-content\/uploads\/2019\/10\/uberuns-300x55.png 300w, https:\/\/www.hitmaschin.at\/wp-content\/uploads\/2019\/10\/uberuns-768x141.png 768w, https:\/\/www.hitmaschin.at\/wp-content\/uploads\/2019\/10\/uberuns.png 1200w\" sizes=\"auto, (max-width: 812px) 100vw, 812px\" \/><\/p>\n<p>&nbsp;<\/p>\n<p>Egal ob <a href=\"https:\/\/www.hitmaschin.at\/?page_id=373\"><strong>Hochzeitsmusik<\/strong><\/a>, <a href=\"https:\/\/www.hitmaschin.at\/?page_id=498\"><strong>Ballmusik<\/strong><\/a>, Zeltfest, Firmen-, Geburtstags-, Tauf- oder <strong><a href=\"https:\/\/www.youtube.com\/watch?v=FkSw2ifRTnA\">Trauungsfeier<\/a><\/strong>: Hitmaschin Coverduo ist die ideale Besetzung f\u00fcr Ihre Veranstaltung und f\u00fcr all jene, die Musik mit Professionalit\u00e4t und Freude an der Performance sch\u00e4tzen.<\/p>\n\n<p class=\"wp-block-paragraph\">Das junge <strong>waldviertler Duo<\/strong> hat sich dabei \u00fcber seine gro\u00dfe Leidenschaft zur Musik gefunden und passt gesanglich perfekt zusammen. Die Musiker, beide sehr erfahren, sind in der Lage, mit den richtigen Songs zur richtigen Zeit, Spannungsb\u00f6gen zu schaffen und somit das Publikum immer wieder in die richtige Emotion bzw. Stimmung zu bringen.<\/p>\n\n<p class=\"wp-block-paragraph\">Die musikalische Bandbreite von Hitmaschin macht dieses <strong>Coverduo<\/strong> dabei zum wahren Allrounder f\u00fcr jede Geschmacksrichtung und jede Art von Publikum: \u00fcber aktuelle Charts, Rock, Pop, Stimmungs- und Partysongs, Schlager, Oldie, Evergreens, Rock'n'Roll, Standardt\u00e4nze, Volksmusik bis hin zu Austropop-Klassikern bietet <strong>Hitmaschin Coverduo<\/strong> ein reiches Repertoire an bekannten Hits. Dass dabei auch gerne auf individuelle W\u00fcnsche eingegangen wird, versteht sich von selbst!<\/p>\n<\/div><\/div><\/div><\/div><\/div><\/div><\/div><\/div><div class=\"vce-row-container\"><div class=\"vce-row vce-row--col-gap-30 vce-row-columns--top vce-row-content--top\" id=\"el-72572bd2\" data-vce-do-apply=\"all el-72572bd2\"><div class=\"vce-row-content\" data-vce-element-content=\"true\"><div class=\"vce-col vce-col--md-auto vce-col--xs-1 vce-col--xs-last vce-col--xs-first vce-col--sm-last vce-col--sm-first vce-col--md-last vce-col--lg-last vce-col--xl-last vce-col--md-first vce-col--lg-first vce-col--xl-first\" id=\"el-909af32e\"><div class=\"vce-col-inner\" data-vce-do-apply=\"border margin background  el-909af32e\"><div class=\"vce-col-content\" data-vce-element-content=\"true\" data-vce-do-apply=\"padding el-909af32e\"><div class=\"vce-text-block\"><div class=\"vce-text-block-wrapper vce\" id=\"el-059ddff5\" data-vce-do-apply=\"all el-059ddff5\"><p><div class=\"epyt-video-wrapper\"><iframe  id=\"_ytid_69289\"  width=\"812\" height=\"457\"  data-origwidth=\"812\" data-origheight=\"457\" src=\"https:\/\/www.youtube.com\/embed\/gpchG3jdxWw?enablejsapi=1&autoplay=0&cc_load_policy=0&cc_lang_pref=&iv_load_policy=1&loop=0&rel=1&fs=1&playsinline=0&autohide=2&theme=dark&color=red&controls=1&disablekb=0&\" class=\"__youtube_prefs__  no-lazyload\" title=\"YouTube player\"  allow=\"fullscreen; accelerometer; autoplay; clipboard-write; encrypted-media; gyroscope; picture-in-picture; web-share\" referrerpolicy=\"strict-origin-when-cross-origin\" allowfullscreen data-no-lazy=\"1\" data-skipgform_ajax_framebjll=\"\"><\/iframe><\/div><\/p><\/div><\/div><div class=\"vce-button--style-basic-container vce-button--style-basic-container--align-center\"><span class=\"vce-button--style-basic-wrapper vce\" id=\"el-cb4c65eb\" data-vce-do-apply=\"margin el-cb4c65eb\"><a class=\"vce-button--style-basic vce-button--style-basic--border-round vce-button--style-basic--size-large vce-button--style-basic--color-ba-228-22-18-0-8--fff\" href=\"https:\/\/www.hitmaschin.at\/?page_id=88\" title=\"\" data-vce-do-apply=\"padding border background  el-cb4c65eb\">Jetzt unverbindlich anfragen<\/a><\/span><\/div><\/div><\/div><\/div><\/div><\/div><\/div><div class=\"vce-row-container\"><div class=\"vce-row vce-row--col-gap-30 vce-row-columns--top vce-row-content--top\" id=\"el-34c94dab\" data-vce-do-apply=\"all el-34c94dab\"><div class=\"vce-row-content\" data-vce-element-content=\"true\"><div class=\"vce-col vce-col--md-auto vce-col--xs-1 vce-col--xs-last vce-col--xs-first vce-col--sm-last vce-col--sm-first vce-col--md-last vce-col--lg-last vce-col--xl-last vce-col--md-first vce-col--lg-first vce-col--xl-first\" id=\"el-9ce254f8\"><div class=\"vce-col-inner\" data-vce-do-apply=\"border margin background  el-9ce254f8\"><div class=\"vce-col-content\" data-vce-element-content=\"true\" data-vce-do-apply=\"padding el-9ce254f8\"><\/div><\/div><\/div><\/div><\/div><\/div>","protected":false},"excerpt":{"rendered":"<p>&nbsp; Egal ob Hochzeitsmusik, Ballmusik, Zeltfest, Firmen-, Geburtstags-, Tauf- oder Trauungsfeier: Hitmaschin Coverduo ist die ideale Besetzung f\u00fcr Ihre Veranstaltung und f\u00fcr all jene, die Musik mit Professionalit\u00e4t und Freude an der Performance sch\u00e4tzen. Das junge waldviertler Duo hat sich dabei \u00fcber seine gro\u00dfe Leidenschaft zur Musik gefunden und passt gesanglich perfekt zusammen. Die Musiker, [&hellip;]<\/p>\n","protected":false},"author":1,"featured_media":0,"parent":0,"menu_order":0,"comment_status":"closed","ping_status":"closed","template":"","meta":{"_crdt_document":"","ngg_post_thumbnail":0,"footnotes":""},"class_list":["post-37","page","type-page","status-publish","hentry"],"_links":{"self":[{"href":"https:\/\/www.hitmaschin.at\/index.php?rest_route=\/wp\/v2\/pages\/37","targetHints":{"allow":["GET"]}}],"collection":[{"href":"https:\/\/www.hitmaschin.at\/index.php?rest_route=\/wp\/v2\/pages"}],"about":[{"href":"https:\/\/www.hitmaschin.at\/index.php?rest_route=\/wp\/v2\/types\/page"}],"author":[{"embeddable":true,"href":"https:\/\/www.hitmaschin.at\/index.php?rest_route=\/wp\/v2\/users\/1"}],"replies":[{"embeddable":true,"href":"https:\/\/www.hitmaschin.at\/index.php?rest_route=%2Fwp%2Fv2%2Fcomments&post=37"}],"version-history":[{"count":21,"href":"https:\/\/www.hitmaschin.at\/index.php?rest_route=\/wp\/v2\/pages\/37\/revisions"}],"predecessor-version":[{"id":795,"href":"https:\/\/www.hitmaschin.at\/index.php?rest_route=\/wp\/v2\/pages\/37\/revisions\/795"}],"wp:attachment":[{"href":"https:\/\/www.hitmaschin.at\/index.php?rest_route=%2Fwp%2Fv2%2Fmedia&parent=37"}],"curies":[{"name":"wp","href":"https:\/\/api.w.org\/{rel}","templated":true}]}}