{"id":373,"date":"2021-11-10T22:34:19","date_gmt":"2021-11-10T22:34:19","guid":{"rendered":"http:\/\/www.hitmaschin.at\/?page_id=373"},"modified":"2022-11-07T13:30:59","modified_gmt":"2022-11-07T13:30:59","slug":"allgemein","status":"publish","type":"page","link":"https:\/\/www.hitmaschin.at\/?page_id=373","title":{"rendered":""},"content":{"rendered":"<div class=\"vce-row-container\"><div class=\"vce-row vce-row--col-gap-30 vce-row-columns--top vce-row-content--top\" id=\"el-448b0222\" data-vce-do-apply=\"all el-448b0222\"><div class=\"vce-row-content\" data-vce-element-content=\"true\"><div class=\"vce-col vce-col--md-auto vce-col--xs-1 vce-col--xs-last vce-col--xs-first vce-col--sm-last vce-col--sm-first vce-col--md-last vce-col--lg-last vce-col--xl-last vce-col--md-first vce-col--lg-first vce-col--xl-first\" id=\"el-11a3f592\"><div class=\"vce-col-inner\" data-vce-do-apply=\"border margin background  el-11a3f592\"><div class=\"vce-col-content\" data-vce-element-content=\"true\" data-vce-do-apply=\"padding el-11a3f592\"><div class=\"vce-text-block\"><div class=\"vce-text-block-wrapper vce\" id=\"el-f42cd829\" data-vce-do-apply=\"all el-f42cd829\"><p style=\"text-align: center;\"><span style=\"font-family: andale mono, monospace; font-size: 48pt; color: #ff002f;\"><strong>Hochzeit allgemein<\/strong><\/span><\/p><\/div><\/div><\/div><\/div><\/div><\/div><\/div><\/div><div class=\"vce-row-container\"><div class=\"vce-row vce-row--col-gap-30 vce-row-columns--top vce-row-content--top\" id=\"el-13cf9b76\" data-vce-do-apply=\"all el-13cf9b76\"><div class=\"vce-row-content\" data-vce-element-content=\"true\"><div class=\"vce-col vce-col--md-auto vce-col--xs-1 vce-col--xs-last vce-col--xs-first vce-col--sm-last vce-col--sm-first vce-col--md-first vce-col--lg-first vce-col--xl-first\" id=\"el-027d5c86\"><div class=\"vce-col-inner\" data-vce-do-apply=\"border margin background  el-027d5c86\"><div class=\"vce-col-content\" data-vce-element-content=\"true\" data-vce-do-apply=\"padding el-027d5c86\"><div class=\"vce-single-image-container vce-single-image--align-left\"><div class=\"vce vce-single-image-wrapper\" id=\"el-7af64732\" data-vce-do-apply=\"all el-7af64732\"><figure><div class=\"vce-single-image-inner vce-single-image--absolute\" style=\"padding-bottom: 65.332%; width: 1024px;\"><img class=\"vce-single-image\" width=\"1024\" height=\"669\"src=\"https:\/\/www.hitmaschin.at\/wp-content\/uploads\/2022\/11\/wedding-g3847444e2_1920-1024x669.jpg\" srcset=\"https:\/\/www.hitmaschin.at\/wp-content\/uploads\/2022\/11\/wedding-g3847444e2_1920-320x209.jpg 320w,https:\/\/www.hitmaschin.at\/wp-content\/uploads\/2022\/11\/wedding-g3847444e2_1920-480x314.jpg 480w,https:\/\/www.hitmaschin.at\/wp-content\/uploads\/2022\/11\/wedding-g3847444e2_1920-800x523.jpg 800w,https:\/\/www.hitmaschin.at\/wp-content\/uploads\/2022\/11\/wedding-g3847444e2_1920-1024x669.jpg 1024w\" data-img-src=\"https:\/\/www.hitmaschin.at\/wp-content\/uploads\/2021\/11\/wedding-g3847444e2_1920.jpg\" alt=\"\" title=\"wedding-g3847444e2_1920\"\/><\/div><\/figure><\/div><\/div><\/div><\/div><\/div><div class=\"vce-col vce-col--md-auto vce-col--xs-1 vce-col--xs-last vce-col--xs-first vce-col--sm-last vce-col--sm-first vce-col--md-last vce-col--lg-last vce-col--xl-last\" id=\"el-67ac55c2\"><div class=\"vce-col-inner\" data-vce-do-apply=\"border margin background  el-67ac55c2\"><div class=\"vce-col-content\" data-vce-element-content=\"true\" data-vce-do-apply=\"padding el-67ac55c2\"><div class=\"vce-text-block\"><div class=\"vce-text-block-wrapper vce\" id=\"el-56172327\" data-vce-do-apply=\"all el-56172327\"><h5 style=\"text-align: center;\"><strong>Der Tag der Tage<\/strong><\/h5>\n<p>An einem perfekten Hochzeitstag sollte nichts dem Zufall \u00fcberlassen werden. Aufgrund l\u00e4ngj\u00e4hriger Erfahrung und vielen erfolgreichen Auftritten verf\u00fcgt Hitmaschin \u00fcber das notwendige Know-How solch einen Tag passend zu gestalten. Von der Trauungsmusik bis zum Er\u00f6ffnungstanz, vom Brauttorteanschneiden bis zur rauschenden Party und schlussendlich dem Abschlusstanz, wir haben die richtige Musik um diese Momente unvergesslich zu machen.<\/p>\n<p>Auf Wunsch geben wir gerne in einem pers\u00f6nlichen Vorgespr\u00e4ch unsere Erfahrungen weiter bzw. besprechen Abl\u00e4ufe, Musikw\u00fcnsche und andere individuelle Anliegen.<\/p><\/div><\/div><\/div><\/div><\/div><\/div><\/div><\/div><div class=\"vce-row-container\"><div class=\"vce-row vce-row--col-gap-30 vce-row-columns--top vce-row-content--top\" id=\"el-11795ca4\" data-vce-do-apply=\"all el-11795ca4\"><div class=\"vce-row-content\" data-vce-element-content=\"true\"><div class=\"vce-col vce-col--md-auto vce-col--xs-1 vce-col--xs-last vce-col--xs-first vce-col--sm-last vce-col--sm-first vce-col--md-last vce-col--lg-last vce-col--xl-last vce-col--md-first vce-col--lg-first vce-col--xl-first\" id=\"el-235648db\"><div class=\"vce-col-inner\" data-vce-do-apply=\"border margin background  el-235648db\"><div class=\"vce-col-content\" data-vce-element-content=\"true\" data-vce-do-apply=\"padding el-235648db\"><div class=\"vce-text-block\"><div class=\"vce-text-block-wrapper vce\" id=\"el-afd9b934\" data-vce-do-apply=\"all el-afd9b934\"><h4>Unsere Leistungen:<\/h4><ul><li>Vorbesprechung (pers\u00f6nlich, telefonisch oder Zoom)<\/li><li><a href=\"https:\/\/www.youtube.com\/watch?v=FkSw2ifRTnA\">Trauung<\/a> (Songs laut Liste oder Wunschtitel)<\/li><li><a href=\"https:\/\/www.youtube.com\/watch?v=-j9O4kXhdR4\">Agape<\/a> (zweistimmiger Gesang und Akustikgitarre)<\/li><li><a href=\"https:\/\/www.youtube.com\/watch?v=gpchG3jdxWw&amp;t=2s\">Abendgestaltung<\/a> (sehr flexibel)<\/li><li>Brautstehlen (mit Akustikgitarre)<\/li><li>Moderation (mit Niveau)<\/li><li>Hintergrundmusik vor und nach dem Auftritt (Playliste)<\/li><\/ul><\/div><\/div><\/div><\/div><\/div><\/div><\/div><\/div><div class=\"vce-row-container\"><div class=\"vce-row vce-row--col-gap-30 vce-row-columns--top vce-row-content--top\" id=\"el-3de35ade\" data-vce-do-apply=\"all el-3de35ade\"><div class=\"vce-row-content\" data-vce-element-content=\"true\"><div class=\"vce-col vce-col--md-auto vce-col--xs-1 vce-col--xs-last vce-col--xs-first vce-col--sm-last vce-col--sm-first vce-col--md-last vce-col--lg-last vce-col--xl-last vce-col--md-first vce-col--lg-first vce-col--xl-first\" id=\"el-11b5e2f3\"><div class=\"vce-col-inner\" data-vce-do-apply=\"border margin background  el-11b5e2f3\"><div class=\"vce-col-content\" data-vce-element-content=\"true\" data-vce-do-apply=\"padding el-11b5e2f3\"><div class=\"vce-text-block\"><div class=\"vce-text-block-wrapper vce\" id=\"el-90942af0\" data-vce-do-apply=\"all el-90942af0\"><h4><a href=\"https:\/\/www.hitmaschin.at\/?page_id=377\"><strong>-Abendunterhaltung<\/strong><\/a><\/h4><h4><a href=\"https:\/\/www.hitmaschin.at\/?page_id=571\"><strong>-Trauung<\/strong><\/a><\/h4><\/div><\/div><\/div><\/div><\/div><\/div><\/div><\/div><div class=\"vce-row-container\"><div class=\"vce-row vce-row--col-gap-30 vce-row-columns--top vce-row-content--top\" id=\"el-b89a9a78\" data-vce-do-apply=\"all el-b89a9a78\"><div class=\"vce-row-content\" data-vce-element-content=\"true\"><div class=\"vce-col vce-col--md-auto vce-col--xs-1 vce-col--xs-last vce-col--xs-first vce-col--sm-last vce-col--sm-first vce-col--md-last vce-col--lg-last vce-col--xl-last vce-col--md-first vce-col--lg-first vce-col--xl-first\" id=\"el-c43d4ada\"><div class=\"vce-col-inner\" data-vce-do-apply=\"border margin background  el-c43d4ada\"><div class=\"vce-col-content\" data-vce-element-content=\"true\" data-vce-do-apply=\"padding el-c43d4ada\"><div class=\"vce-button--style-basic-container vce-button--style-basic-container--align-center\"><span class=\"vce-button--style-basic-wrapper vce\" id=\"el-42b3ecb0\" data-vce-do-apply=\"margin el-42b3ecb0\"><a class=\"vce-button--style-basic vce-button--style-basic--border-round vce-button--style-basic--size-large vce-button--style-basic--color-b-238-17-17--fff\" href=\"https:\/\/www.hitmaschin.at\/?page_id=88\" title=\"\" data-vce-do-apply=\"padding border background  el-42b3ecb0\">Jetzt unverbindlich anfragen<\/a><\/span><\/div><\/div><\/div><\/div><\/div><\/div><\/div>\n","protected":false},"excerpt":{"rendered":"<p>Hochzeit allgemeinDer Tag der Tage An einem perfekten Hochzeitstag sollte nichts dem Zufall \u00fcberlassen werden. Aufgrund l\u00e4ngj\u00e4hriger Erfahrung und vielen erfolgreichen Auftritten verf\u00fcgt Hitmaschin \u00fcber das notwendige Know-How solch einen Tag passend zu gestalten. Von der Trauungsmusik bis zum Er\u00f6ffnungstanz, vom Brauttorteanschneiden bis zur rauschenden Party und schlussendlich dem Abschlusstanz, wir haben die richtige Musik [&hellip;]<\/p>\n","protected":false},"author":1,"featured_media":0,"parent":0,"menu_order":0,"comment_status":"closed","ping_status":"closed","template":"","meta":{"_crdt_document":"","ngg_post_thumbnail":0,"footnotes":""},"class_list":["post-373","page","type-page","status-publish","hentry"],"_links":{"self":[{"href":"https:\/\/www.hitmaschin.at\/index.php?rest_route=\/wp\/v2\/pages\/373","targetHints":{"allow":["GET"]}}],"collection":[{"href":"https:\/\/www.hitmaschin.at\/index.php?rest_route=\/wp\/v2\/pages"}],"about":[{"href":"https:\/\/www.hitmaschin.at\/index.php?rest_route=\/wp\/v2\/types\/page"}],"author":[{"embeddable":true,"href":"https:\/\/www.hitmaschin.at\/index.php?rest_route=\/wp\/v2\/users\/1"}],"replies":[{"embeddable":true,"href":"https:\/\/www.hitmaschin.at\/index.php?rest_route=%2Fwp%2Fv2%2Fcomments&post=373"}],"version-history":[{"count":12,"href":"https:\/\/www.hitmaschin.at\/index.php?rest_route=\/wp\/v2\/pages\/373\/revisions"}],"predecessor-version":[{"id":797,"href":"https:\/\/www.hitmaschin.at\/index.php?rest_route=\/wp\/v2\/pages\/373\/revisions\/797"}],"wp:attachment":[{"href":"https:\/\/www.hitmaschin.at\/index.php?rest_route=%2Fwp%2Fv2%2Fmedia&parent=373"}],"curies":[{"name":"wp","href":"https:\/\/api.w.org\/{rel}","templated":true}]}}